
In base 7, what is -225 + -22006145?
-22006403
In base 14, what is -1cd0c + -2c0?
-1d1cc
In base 8, what is 25751731 - 27?
25751702
In base 14, what is 14950795 + -1?
14950794
In base 3, what is -10001 - -10012121001211?
10012120221210
In base 2, what is -11000010010011011000 - -110111001?
-11000010001100011111
In base 4, what is 13 + 10132012332?
10132013011
In base 9, what is -3041 + -5236?
-8277
In base 3, what is -202 + 1000012112?
1000011210
In base 4, what is 10 - -2110022211023?
2110022211033
In base 8, what is -21525 - 23216?
-44743
In base 2, what is 1010111 - 11001101010010?
-11001011111011
In base 2, what is -111101 + 1001101001011?
1001100001110
In base 5, what is 220112 + -1104?
214003
In base 14, what is 2 - 174712a?
-1747128
In base 14, what is -29 - 57b305?
-57b330
In base 10, what is 2680 - -30669?
33349
In base 4, what is 11 - 1001333210303?
-1001333210232
In base 8, what is 125216 + -2075?
123121
In base 12, what is -58 - -224879?
224821
In base 4, what is -1323200102300 + 2?
-1323200102232
In base 14, what is -dbb248 - -d?
-dbb239
In base 3, what is -1010200111010110 - 100?
-1010200111010210
In base 13, what is -a - -c82bb?
c82b1
In base 15, what is -1 - -4d05a80?
4d05a7e
In base 2, what is -100100101001100101111110011 + 111?
-100100101001100101111101100
In base 2, what is 100011 - 110011000000010000?
-110010111111101101
In base 8, what is 737547635 - 4?
737547631
In base 10, what is -233120 + -359?
-233479
In base 8, what is -3400 + 1071?
-2307
In base 12, what is -14b - 208b5?
-20a44
In base 8, what is -50237360 + -5?
-50237365
In base 6, what is 345045301 - 11?
345045250
In base 13, what is 3066b4a2 - 0?
3066b4a2
In base 16, what is -2e0e - -447?
-29c7
In base 4, what is 1131 + -233131101?
-233123310
In base 2, what is -100000000101 - -100100000001110?
100000000001001
In base 8, what is -147 - -445314?
445145
In base 8, what is -2 + -166403155?
-166403157
In base 10, what is -408148 - -33?
-408115
In base 12, what is 0 + 24497798?
24497798
In base 8, what is -5101411 - -6?
-5101403
In base 14, what is -3 - ad09cb?
-ad09d0
In base 8, what is -42125 + 101?
-42024
In base 5, what is -1201 + 21033040?
21031334
In base 10, what is -26 + 390780?
390754
In base 7, what is -236642 - 11524?
-251466
In base 4, what is -231002213121 - -10?
-231002213111
In base 5, what is 14002042430 + 12?
14002042442
In base 7, what is 456042 - 235?
455504
In base 8, what is 7 - -1135023105?
1135023114
In base 6, what is 3541113045 - 1?
3541113044
In base 5, what is -4 + -221421110422?
-221421110431
In base 6, what is -212233 - 145540?
-402213
In base 7, what is -5436300 + 32?
-5436235
In base 7, what is 213526 - -313?
214142
In base 10, what is -877988 - -237?
-877751
In base 11, what is -74 + -3441016?
-344108a
In base 4, what is -113120310330 + 2?
-113120310322
In base 7, what is -306544241 + 1?
-306544240
In base 2, what is 10111110010111 - 100100000001011?
-1100001110100
In base 16, what is -b82 - -11ca?
648
In base 15, what is 21 + -88d0a?
-88cd9
In base 7, what is 2 - 44665342?
-44665340
In base 3, what is -100002000 - -1000010?
-22001220
In base 13, what is 4b332b - 0?
4b332b
In base 2, what is 10001100101010001101101100 - -110?
10001100101010001101110010
In base 11, what is -15121 + 62?
-1506a
In base 10, what is -5 - 1567894?
-1567899
In base 4, what is 10221313 - -321013?
11202332
In base 5, what is -10130214101 + -4?
-10130214110
In base 11, what is 5 + -5490164?
-549015a
In base 2, what is -1 + 1101011101010110111111?
1101011101010110111110
In base 8, what is 375117 - -142?
375261
In base 2, what is 10101111 - 1010001010101010?
-1010000111111011
In base 10, what is -109 + 514894?
514785
In base 14, what is 0 + 1350290?
1350290
In base 11, what is -4 - -25249252?
25249249
In base 4, what is -3 + 13233320231310?
13233320231301
In base 10, what is -58288374 - -1?
-58288373
In base 16, what is -16252 + -82?
-162d4
In base 6, what is -1043 - -2551501?
2550414
In base 13, what is 40c22 - -13?
40c35
In base 9, what is 1053571 - 522?
1053048
In base 13, what is -420b + -cb29?
-14037
In base 11, what is 178 - 16a242?
-16a075
In base 2, what is 1 + 110110101000000001110?
110110101000000001111
In base 3, what is -2120 - -102120210110?
102120200220
In base 8, what is 13431 - 725?
12504
In base 11, what is a0 - -1624a0?
162590
In base 4, what is -2002 - -10120133202?
10120131200
In base 5, what is 24030 + 210140?
234220
In base 13, what is -ab4ab + -7?
-ab4b5
In base 15, what is -7e593d - -4?
-7e5939
In base 8, what is -563 - -113626?
113043
In base 5, what is -1101 + -211132432?
-211134033
In base 15, what is -148a0e8 + 5?
-148a0e3
In base 9, what is 46703150 + -2?
46703147
In base 8, what is 2161 - 6521?
-4340
In base 8, what is 2 + 10545077?
10545101
In base 6, what is -101422554 + 4?
-101422550
In base 12, what is -437 + b01?
686
In base 12, what is 2 - 1b2b92?
-1b2b90
In base 4, what is -2 - 1210021021132?
-1210021021200
In base 5, what is -1 + 3210002403?
3210002402
In base 9, what is 22003 + -2816?
18076
In base 14, what is 8cdd + -3a3?
893a
In base 11, what is 75a - a70?
-311
In base 10, what is -22 + 997887?
997865
In base 9, what is -31 - -4305777?
4305746
In base 12, what is -28aa + -180a?
-44b8
In base 6, what is 151455 - -4504?
200403
In base 16, what is -1f90bd7 + 4?
-1f90bd3
In base 14, what is c9d4 + -496?
c53c
In base 11, what is -69aa3 - -704?
-6939a
In base 11, what is -2545 + -34a?
-2894
In base 16, what is 4 - cd96a1?
-cd969d
In base 13, what is -15693 + -122?
-157b5
In base 3, what is 10 + -200210010212202202?
-200210010212202122
In base 14, what is 26 + -20d58?
-20d32
In base 10, what is -118846 - 278?
-119124
In base 7, what is -1154 + -354034?
-355221
In base 6, what is -1225054 + -14520?
-1244014
In base 9, what is 5 + -11662162?
-11662156
In base 3, what is 11020110 - -1000210?
12021020
In base 4, what is -1 - 12233330302?
-12233330303
In base 14, what is -1c2b - -138?
-1ad3
In base 15, what is -4 - 22173d?
-221742
In base 2, what is -1011100101001 - 1101100110?
-1101010001111
In base 10, what is -3998 - 37439?
-41437
In base 9, what is 3 + 4287760?
4287763
In base 13, what is -5 - -27836a?
278365
In base 4, what is 0 + -1130021023330?
-1130021023330
In base 6, what is -3 + -1031445540?
-1031445543
In base 2, what is -10111010100110100000 + 111?
-10111010100110011001
In base 7, what is -23055 + 4206?
-15546
In base 3, what is 1000212 - -2102000122?
2110001111
In base 8, what is 2 + -4147045?
-4147043
In base 15, what is 83 - -1532d?
153b1
In base 10, what is -196808643 - -5?
-196808638
In base 2, what is -11 + 11000001110101011110001010?
11000001110101011110000111
In base 13, what is -5575aa26 + 4?
-5575aa22
In base 9, what is -178814 + -187?
-180112
In base 6, what is -3 + 121100252?
121100245
In base 10, what is -3999193 + 7?
-3999186
In base 11, what is -584 - 4887?
-5360
In base 16, what is 50 + 22dc92?
22dce2
In base 8, what is -267 - -366552?
366263
In base 2, what is -1000111 + -101010001100110100100?
-101010001100111101011
In base 7, what is -201 - -2654002?
2653501
In base 6, what is 115452 - -1015323?
1135215
In base 16, what is 5 - 283ed9?
-283ed4
In base 13, what is 3 + 235a7c3?
235a7c6
In base 4, what is -323111220333 + 11?
-323111220322
In base 12, what is -643a - 97?
-6515
In base 10, what is 21169126 + 1?
21169127
In base 10, what is -6375942 - 5?
-6375947
In base 11, what is -138 + -330a0?
-33228
In base 15, what is -130e911c - 0?
-130e911c
In base 7, what is -604024 + 1?
-604023
In base 16, what is 1 - 1fa332?
-1fa331
In base 8, what is -3 + -36465347?
-36465352
In base 9, what is -8371733 + -2?
-8371735
In base 8, what is 170463511 + 11?
170463522
In base 9, what is -301225 - -180?
-301035
In base 8, what is -15302 + -2074?
-17376
In base 3, what is 10101221 - 100001102?
-12122111
In base 3, what is 10222221010212 + -1001?
10222221002211
In base 4, what is 0 + 21033211112?
21033211112
In base 3, what is -1002210100222222 - 10?
-1002210101000002
In base 3, what is 11 - 12012122000002020?
-12012122000002002
In base 3, what is 21121 - -1001222011?
1002020202
In base 7, what is 5 + -1555522150?
-1555522142
In base 3, what is -1202 + 111021010222?
111021002020
In base 10, what is 1 - -29510193?
295101